ommon divisor of 6168 and 2082?
6
What is the greatest common factor of 12 and 112764?
12
What is the highest common divisor of 1160706 and 12?
6
What is the highest common divisor of 2050 and 42650?
50
Calculate the highest common factor of 17384 and 2809.
53
Calculate the greatest common divisor of 23359 and 6251.
329
What is the greatest common divisor of 39837 and 1470?
147
Calculate the greatest common factor of 146782 and 237.
79
What is the greatest common divisor of 14062 and 356?
178
Calculate the highest common factor of 20075 and 49775.
275
Calculate the greatest common divisor of 42 and 2247.
21
Calculate the highest common divisor of 7965 and 37524.
177
Calculate the highest common divisor of 2126 and 575083.
1063
Calculate the highest common divisor of 589306 and 23.
23
What is the highest common divisor of 942 and 1722?
6
What is the greatest common factor of 1216 and 798?
38
What is the highest common factor of 213134 and 122?
122
Calculate the greatest common divisor of 13846 and 70679.
161
Calculate the highest common factor of 48890 and 580.
10
What is the highest common factor of 2 and 305786?
2
Calculate the highest common divisor of 129611 and 118141.
1147
What is the highest common factor of 32960 and 320?
320
Calculate the highest common divisor of 48 and 31992.
24
Calculate the highest common divisor of 493 and 191420.
17
Calculate the greatest common factor of 19408 and 1424.
16
What is the greatest common divisor of 24961 and 1308?
109
Calculate the highest common divisor of 24 and 38436.
12
What is the greatest common factor of 328454 and 232?
58
Calculate the highest common divisor of 10654 and 686.
14
What is the highest common factor of 207376 and 208?
208
Calculate the highest common factor of 1936860 and 120.
60
Calculate the greatest common factor of 236 and 5542047.
59
Calculate the highest common divisor of 3302 and 658368.
254
Calculate the highest common factor of 154 and 86328.
22
Calculate the highest common factor of 2484 and 40932.
108
What is the highest common divisor of 4080 and 6256?
272
What is the greatest common divisor of 7000 and 580?
20
Calculate the highest common divisor of 35360 and 27370.
170
What is the highest common divisor of 155 and 703607?
31
Calculate the greatest common factor of 1276 and 5452.
116
Calculate the greatest common factor of 60826 and 68.
34
Calculate the greatest common divisor of 3224 and 279.
31
Calculate the greatest common factor of 83538 and 1302.
42
What is the highest common divisor of 188 and 1985938?
94
Calculate the highest common factor of 72 and 239832.
72
What is the greatest common divisor of 6460 and 5860?
20
Calculate the highest common factor of 140 and 4321695.
35
What is the highest common divisor of 1528 and 85759?
191
Calculate the greatest common divisor of 3502737 and 27.
27
What is the greatest common divisor of 1245 and 370097?
83
Calculate the greatest common factor of 3900 and 52104.
156
Calculate the highest common factor of 6 and 13182.
6
What is the greatest common divisor of 3306119 and 62?
31
What is the highest common factor of 1041 and 136024?
347
Calculate the greatest common factor of 1076 and 90922.
538
What is the greatest common divisor of 626 and 218474?
626
Calculate the highest common divisor of 38014 and 2158.
166
Calculate the greatest common factor of 530 and 3869.
53
What is the greatest common factor of 104 and 4096?
8
Calculate the highest common divisor of 4507488 and 32.
32
What is the greatest common divisor of 168387 and 3075?
123
What is the highest common factor of 21455 and 140?
35
What is the highest common divisor of 1759815 and 45?
45
What is the highest common factor of 253 and 539143?
253
What is the greatest common factor of 3110 and 9820?
10
What is the greatest common factor of 136367 and 98?
49
What is the highest common divisor of 528288 and 48?
48
What is the greatest common divisor of 47929 and 574?
287
Calculate the greatest common factor of 109908 and 15052.
284
Calculate the greatest common divisor of 1692 and 22560.
564
Calculate the greatest common factor of 143 and 1555213.
11
What is the highest common factor of 2898 and 78039?
207
Calculate the highest common factor of 16830 and 364905.
765
Calculate the highest common divisor of 106986 and 15.
3
Calculate the greatest common divisor of 182464 and 64.
64
Calculate the greatest common factor of 8 and 3723016.
8
Calculate the greatest common divisor of 1607 and 9.
1
What is the highest common divisor of 1152810 and 135?
45
Calculate the greatest common divisor of 9706 and 239696.
422
Calculate the greatest common divisor of 869 and 286.
11
What is the greatest common factor of 116155 and 13?
13
Calculate the highest common factor of 80 and 2138480.
80
Calculate the highest common divisor of 83 and 10373921.
83
What is the highest common factor of 270380 and 88?
44
Calculate the highest common divisor of 504 and 2538864.
72
What is the greatest common factor of 21672 and 256?
8
Calculate the highest common divisor of 177399 and 207.
207
Calculate the greatest common divisor of 17864 and 6090.
406
Calculate the greatest common factor of 293400 and 2025.
225
What is the highest common factor of 373 and 19149447?
373
What is the greatest common divisor of 51959 and 1631?
233
What is the greatest common factor of 483 and 5523?
21
What is the greatest common divisor of 8769 and 70626?
237
Calculate the greatest common divisor of 187 and 889338.
17
Calculate the highest common divisor of 2180 and 3924.
436
Calculate the highest common factor of 2415 and 51198.
483
What is the highest common divisor of 40 and 107528?
8
Calculate the highest common divisor of 75 and 112625.
25
Calculate the highest common factor of 104 and 3508.
4
Calculate the greatest common factor of 216 and 27304.
8
What is the greatest common factor of 305 and 915?
305
Calculate the highest common divisor of 58760 and 14040.
520
What is the highest common factor of 19568 and 48?
16
Calculate the highest common divisor of 102 and 10523.
17
What is the highest common factor of 26852 and 35084?
196
Calculate the highest common divisor of 120 and 38100.
60
Calculate the highest common factor of 3835335 and 105.
105
Calculate the greatest common divisor of 65 and 88855.
65
Calculate the greatest common factor of 399900 and 240.
60
What is the highest common factor of 585 and 1720485?
585
What is the greatest common divisor of 4346 and 5459?
53
Calculate the greatest common divisor of 972 and 10242.
18
Calculate the greatest common divisor of 10 and 151150.
10
What is the greatest common divisor of 26655 and 35?
5
Calculate the greatest common divisor of 24200 and 63400.
200
What is the greatest common divisor of 11960 and 120?
40
What is the greatest common divisor of 57 and 47661?
3
What is the highest common divisor of 2294 and 1519?
31
Calculate the greatest common factor of 566 and 432707.
283
What is the highest common factor of 117664 and 608?
32
What is the highest common divisor of 51 and 81617?
17
What is the highest common factor of 137401 and 11?
11
What is the greatest common factor of 480 and 126360?
120
Calculate the highest common divisor of 4008 and 2156805.
501
What is the greatest common factor of 51143 and 199?
199
Calculate the highest common factor of 141284 and 247.
247
Calculate the greatest common divisor of 123161 and 7900.
79
What is the greatest common factor of 131 and 1816053?
131
What is the greatest common factor of 119 and 6692?
7
What is the highest common divisor of 47300 and 55?
55
Calculate the highest common factor of 10511 and 368.
23
Calculate the highest common factor of 266058 and 918.
54
What is the highest common factor of 2697588 and 180?
36
Calculate the highest common divisor of 4 and 76148.
4
What is the greatest common divisor of 404 and 3142918?
202
What is the highest common factor of 1672320 and 1005?
1005
Calculate the greatest common divisor of 1138 and 1111826.
1138
What is the greatest common divisor of 158401 and 497?
71
Calculate the highest common divisor of 361 and 7277.
19
Calculate the highest common factor of 820 and 3460.
20
Calculate the greatest common factor of 735 and 43659.
147
Calculate the highest common divisor o